?
5
Let u = 576 + 1162. What is the thousands digit of u?
1
Suppose -15232 = -233*f + 226*f. What is the units digit of f?
6
Let j(x) = -x + 1. Let l(m) = 13*m**3 + 3*m**2 + m - 2. Let o(z) = 2*j(z) + l(z). What is the tens digit of o(1)?
1
Let h = -2295 - -4026. What is the hundreds digit of h?
7
What is the units digit of 17530/25*-1*(-14 - -9)?
6
Let c be 2*(3 + -1)/2. Suppose -32 = -5*f - g + 63, -4*g + c = -f. Suppose 0 = -2*s + 24 + f. What is the tens digit of s?
2
Let y(q) = -100*q - 42. What is the tens digit of y(-22)?
5
Suppose -4*z = -777 - 871. What is the tens digit of z?
1
Let c = 3150 - 2829. What is the tens digit of c?
2
Let c(y) = 8*y**2 + 17*y + 20. What is the units digit of c(-10)?
0
Let h(v) = 3*v**2 - 5*v + 1. Suppose z + 21 = -5*c - 37, 2*z = -3*c - 32. Let l be 10*(c/8 - -2). What is the units digit of h(l)?
1
Let b(a) = a**3 - 6*a**2 - 8*a + 7. Let h be b(7). Suppose 3*q + 11 = -n, -2*q + 3*q + 3 = h. What is the units digit of (-55)/20*16/n?
2
Suppose 5*s - 44 = -2*t - 2, -5*s + 104 = 4*t. Suppose -5*c = -t - 344. What is the units digit of c?
5
Suppose 11*c + 1204 = 13*c. What is the hundreds digit of c?
6
Let l be (6/4)/3 - 9/(-2). Suppose -l*d - 5*y = -410, 3*y + 3 = 6. What is the tens digit of d?
8
Suppose -5*w + 8*d + 2720 = 5*d, w - d - 544 = 0. What is the tens digit of w?
4
Let x(u) = 4*u - 16. Let w be x(9). What is the units digit of -1 - ((-4)/4 - w)?
0
Let h = 9 - 1. Let f be (-14)/(-6) - h/24. What is the units digit of 6 - -19 - (-2)/f?
6
Suppose 6*y = -0*y. Let q(x) = 2*x**2 + 127. What is the hundreds digit of q(y)?
1
Let q(a) = a**3 + 34*a**2 + 17*a - 131. What is the units digit of q(-32)?
3
Let p(h) = -h**3. Let u be p(-4). Let c = u + 28. Let n = c - 35. What is the units digit of n?
7
Let m = -3 + 24. Let r be (m/(-6) + 1)*-4. Let p = r - -11. What is the tens digit of p?
2
Let c(n) = n**3 + 5*n**2 + n + 4. Let s be c(-5). Let j(r) = 5*r - 11*r**3 - 15*r - r**2 + 4*r + 5*r - r**2. What is the units digit of j(s)?
0
Let v(x) = -9 + 13*x**2 - 4*x**2 + 5*x + x**3 + 5*x**2 - 6. Let d be v(-12). Suppose 5*n = -2*h + 72, -2*h + d = 3*h - 4*n. What is the tens digit of h?
4
Let k(z) = 16*z + 13. Suppose -31 = -4*a - 15. What is the tens digit of k(a)?
7
Suppose 4 = -2*w, 4*y - 2430 = -5*w + 2*w. What is the tens digit of y?
0
Suppose -f = a - 587 + 143, 1740 = 4*a - 5*f. What is the hundreds digit of a?
4
Suppose -3*j = -4*m + 29, 2*j - j - 22 = -5*m. Suppose -4*p + 13 = 4*d + d, -2*p = -m*d + 1. Suppose -16 = -x - d. What is the tens digit of x?
1
Suppose 0 = -8*p + 522 - 162. Let g = 99 - 22. Let d = g - p. What is the units digit of d?
2
Let b(g) be the third derivative of -g**4/24 + 13*g**3/6 - 8*g**2. What is the units digit of b(5)?
8
Let p(c) = -c**3 - 9*c**2 - 11*c - 12. Let g(b) = 9*b + 1. Let i be g(-1). What is the units digit of p(i)?
2
Suppose 2*h - 451 = -2*b - 39, -2*b = 4*h - 818. What is the tens digit of h?
0
Let q(p) = p**3 - 2*p**2 - p - 1. Let b be q(3). Suppose b*d - 179 = 56. What is the units digit of d?
7
Let h = 567 + 880. What is the tens digit of h?
4
Suppose 4*l + 0 - 8 = 0, -3*o + 5*l - 1 = 0. Suppose o - 33 = -3*f. What is the units digit of ((-3)/(-5))/(2/f)?
3
Let u = 140 - 74. Suppose u = 5*o - 274. What is the tens digit of o?
6
Suppose -103832 = -20*d - 1932. What is the thousands digit of d?
5
Suppose 7*r = 11*r - y - 2260, 0 = -2*r + 3*y + 1140. What is the hundreds digit of r?
5
Suppose 0 = -4*z - z + 25. Suppose -z*u + 10 = -10*u. Let s = u + 9. What is the units digit of s?
7
Let d be 63/(-168) - 810/16. Let h = 118 + d. What is the units digit of h?
7
Suppose -6*v + 4*n = -9*v + 9276, -2*v + 6180 = 4*n. What is the hundreds digit of v?
0
Let o = 60 + 4. What is the units digit of o?
4
Suppose 7*l - 12*l + 1520 = 0. Suppose 7*y + 52 = l. What is the units digit of y?
6
What is the hundreds digit of 5/((-12)/(-8 + -11716))?
8
Suppose 59 = 3*l + 2. Suppose 5 = -c + l. What is the units digit of c?
4
Let i(b) be the first derivative of -b - 1 + 3/2*b**2. What is the units digit of i(7)?
0
Let p(l) = -l**2 + 13*l - 6. Let j be p(13). Let b = j - -12. What is the units digit of (-3)/b + (-105)/(-10)?
0
Suppose 2*t - 45 = -183. Let a = 366 + t. What is the tens digit of a?
9
Suppose -2*t - 3*i - 214 = 0, 0 = t + 2*t + 5*i + 321. Let r = -56 - t. What is the units digit of r?
1
Suppose 12 = 6*y - 4*y. Suppose -x + y*x - 20 = 0. Suppose 0 = 7*d - x*d - 54. What is the tens digit of d?
1
Let x be 3*(-4)/30*-5. Suppose 3*w = x*m - 15, -4*m + 0*w - w = -23. Suppose 9 = 7*r - m*r. What is the units digit of r?
9
Let s = -14 - -469. What is the tens digit of s?
5
Let n(s) = -990*s - 9. What is the tens digit of n(-1)?
8
Let n = 0 - -4. Let o(y) = y**2 - 4*y - 1. Let h be o(n). What is the units digit of -2*(2 - h - 5)?
4
Suppose -4*f + j - 2 + 405 = 0, 0 = -5*f + 2*j + 503. What is the hundreds digit of f?
1
Let i(f) = -f + 1. Let p be i(-4). Suppose -p*z + 2*v - 1 = -43, 3*z + 5*v - 19 = 0. Suppose -j + 1 = -z. What is the units digit of j?
9
Let b(l) = l**3 - 28*l**2 - 75*l - 12. What is the units digit of b(32)?
4
What is the units digit of 9*16/36 + 470?
4
Suppose 7*p = 6*p - 2. Let a be 5/(p/(0 - 2)). Suppose 4*i + 2*r = i + 58, 0 = a*i - 3*r - 65. What is the tens digit of i?
1
Suppose -18766 = -75*l + 190634. What is the tens digit of l?
9
Let b(g) = 2*g**2 + 30*g - 233. What is the thousands digit of b(-47)?
2
Let t be (-7)/(7/(-8)) - 2. Let b = -11 + t. What is the units digit of 2*(b + 2 - -5)?
4
Let f(t) = 616*t - 40. What is the tens digit of f(2)?
9
Let x(s) be the second derivative of s**5/20 - s**4/12 - s**3/6 + 173*s**2/2 + s. What is the hundreds digit of x(0)?
1
Let i = 340 - 228. Let q = i + -28. What is the tens digit of q?
8
Suppose -g + o = -4*o + 38, -3*g + 4*o - 70 = 0. Let x be 4/g + (-160)/9. Let c = -16 - x. What is the units digit of c?
2
Suppose -5*z + 14*z - 99 = 0. Let o(w) = 8*w - 24. What is the tens digit of o(z)?
6
Let u(c) = -13*c + 16. Suppose -4*o = -4*w - 20, 2*o - 23 = 5*w - o. What is the units digit of u(w)?
8
Let k(l) = l**2 + 6*l - 79. What is the tens digit of k(25)?
9
Suppose 0 = g + 3*s - 33, 2*g + s - 7 = 44. Suppose -g = -o + 25. Suppose 5*u = o + 16. What is the units digit of u?
3
Let j be 12/(-36)*(1 - 2 - -4). Suppose q = 2 - 1. What is the units digit of (-3 - j)/(q/(-7))?
4
Suppose -3*d + 8 = -2*h - 3, -3*d = -3*h - 12. Let c be 4/16*4 + -2 + 1. Suppose c = -d*i + 5*i - 94. What is the units digit of i?
7
Suppose 4*n - 553 - 155 = 0. Let r = n + 21. What is the hundreds digit of r?
1
Let d(l) be the third derivative of -l**6/120 + 7*l**5/60 + 5*l**4/24 + 7*l**3/3 - 4*l**2. What is the tens digit of d(7)?
4
Let x(t) = -12*t - 34. Let l(s) = -2*s - 6. Let v be l(4). What is the units digit of x(v)?
4
Let l(r) = -2*r - 32. Let k = -5 + -13. What is the units digit of l(k)?
4
Let a = 1 - -25. Let z = -10 + 14. Suppose 3*l + 5*v = 37, z*l - 2*v = a + 32. What is the units digit of l?
4
Let b = 30 + -25. Let o(x) = 4*x + 27 - 8 - b*x. What is the units digit of o(15)?
4
Let y(z) = 25*z - 202. What is the thousands digit of y(50)?
1
Suppose -1 = c + d, 0 = 2*c - d - 2*d - 18. Suppose 5*p - c*r - 20 = 0, 18 = 2*p - 4*p - 4*r. What is the tens digit of 12 - (-3 + p + -1)?
1
Suppose -m - 4*m + 95 = 2*i, 0 = 2*m - 2*i - 38. Let t = m - 4. What is the units digit of (-32)/10*t/(-6)?
8
Let p = -7 + -3. Let k = 7 - p. What is the units digit of k?
7
Let d = 36 + -15. Let b be 3012/42 - (-6)/d. Suppose 4*m + f - 100 = -1, 3*m = -3*f + b. What is the tens digit of m?
2
Let b be 108/9*2/(-4). Let z(c) be the third derivative of c**5/60 + c**4/6 - 5*c**3/3 + 5*c**2. What is the units digit of z(b)?
2
Let j(p) = p**2 - 9*p - 10. Let y be j(17). Let w = y + 26. What is the tens digit of w?
5
Let f(i) = 185*i**2 + 3*i - 2. Let s be f(1). Suppose 0 = -2*z - z + s. What is the units digit of z?
2
Let o(n) = 378*n + 94. What is the hundreds digit of o(3)?
2
Let a(w) = -6*w**2 - 15*w - 10. Let k(x) = -17*x**2 - 45*x - 31. Let r(q) = 11*a(q) - 4*k(q). What is the units digit of r(-9)?
1
Suppose -24 = 4*c - 8*c. Suppose -3*l - 4*g + 28 = 0, -c = -3*g - 21. Let k = -15 + l. What is the units digit of k?
1
Suppose 0*i - 9 = -2*i - o, -i + 5*o 